2 - 6*m + 3. Give b(-6).
111
Let j(t) = t**2 - 19*t + 12. What is j(16)?
-36
Let s(w) = w**2 - 4*w - 12. Give s(6).
0
Let r(i) = i**3 + 20*i**2 - 22*i - 18. Calculate r(-21).
3
Let c(x) = x**3 + 7*x**2 - 20*x - 163. Determine c(-6).
-7
Let f(i) = -14*i + 31. Give f(9).
-95
Let i(u) = u**3 - 3*u**2 + 2*u - 1. Give i(-3).
-61
Let k(p) = -11*p + 6. Calculate k(-11).
127
Let h(d) = -d**2 + 27*d - 182. What is h(13)?
0
Let j(r) = -r**2 - 12*r - 28. Determine j(-8).
4
Let z(f) = 4*f**2 + 102*f - 44. Give z(-26).
8
Let y(q) = -q**2 + 7*q + 1. Calculate y(7).
1
Let u(f) = 4*f. What is u(3)?
12
Let t(m) = m**3 + 3*m**2 + 3*m. Calculate t(4).
124
Let l(t) = 2*t**2 - 5*t - 4. Determine l(6).
38
Let n(v) = v**3 - 2*v**2 - 8*v - 10. Determine n(4).
-10
Let l(x) = -x + 2. Determine l(2).
0
Let n(o) = -o**3 - 10*o**2 - 18*o - 8. Give n(-7).
-29
Let x(j) = -j**3 - 2*j**2 + 8. What is x(2)?
-8
Let j(c) = -c**3 - 7*c**2 - 11*c + 3. What is j(-7)?
80
Let q(c) = c**2 - 8*c - 10. Calculate q(7).
-17
Let u(q) = -q**2 - 5*q + 3. What is u(-4)?
7
Let y(f) = f - 37. Determine y(0).
-37
Let k(x) = -x**3 - 2*x**2 + x + 7. What is k(-4)?
35
Let s(a) = -2*a**2 + 19*a - 5. What is s(8)?
19
Let l(d) = 3*d**2 - 4*d - 2. Give l(-1).
5
Let h(j) = j**2 + 14*j + 31. Give h(-10).
-9
Let u(x) = 2*x**2 - x - 1. What is u(-3)?
20
Let n(p) = -2*p**2 + 13*p - 29. Determine n(4).
-9
Let r(m) = m**2 + 32. Determine r(0).
32
Let d(u) = -171*u**2 + u. What is d(1)?
-170
Let r(z) = 9*z + 109. Determine r(-12).
1
Let g(y) = -8*y + 269. Give g(33).
5
Let o(j) = 2*j**3 + 17*j**2 - 17*j - 51. Calculate o(-9).
21
Let u(h) = h**3 + 9*h**2 + 6*h - 5. Determine u(-8).
11
Let i(r) = -r**3 - 8*r**2 - 8*r + 11. Give i(-6).
-13
Let g(f) = 7*f + 1. Give g(1).
8
Let i(p) = -p**3 + 26*p**2 - 23*p - 54. Give i(25).
-4
Let w(i) = i**2 - 12*i + 42. Calculate w(5).
7
Let h(g) = -g**2 + 8*g - 2. Give h(8).
-2
Let j(b) = -18*b + 19. Give j(-5).
109
Let c(s) = 2*s**3 - 37*s**2 - 18*s - 38. Determine c(19).
-19
Let z(g) = -g - 1. What is z(-1)?
0
Let x(t) = t**2 - 9*t - 28. Calculate x(11).
-6
Let o(w) = -2*w**3 + 48*w**2 + w - 13. Calculate o(24).
11
Let i(j) = -j - 1. What is i(-8)?
7
Let l(w) = w + 12. Calculate l(-33).
-21
Let t(i) = -i**2 + 23*i - 38. Calculate t(21).
4
Let w(v) = 10*v**2 - 4*v - 5. Calculate w(-3).
97
Let o(c) = -13*c**2 - 2*c + 1. What is o(1)?
-14
Let z(a) = 10*a**2 - 7*a. Calculate z(3).
69
Let y(f) = -f**3 - f**2 - 5*f - 8. Determine y(-2).
6
Let v(j) = j**2 - 18*j + 29. Calculate v(6).
-43
Let p(z) = 2*z**2 - 34*z - 13. Give p(14).
-97
Let j(u) = -2*u**2 + 24*u - 65. Calculate j(7).
5
Let u(y) = 2*y**2 - 14*y - 11. Give u(8).
5
Let q(o) = o**2 - 18*o + 58. Calculate q(14).
2
Let l(d) = -d**2 + 6. Determine l(8).
-58
Let v(w) = 9*w. Calculate v(-5).
-45
Let c(v) = v**2 - 27*v + 35. Give c(26).
9
Let c(t) = 3*t**3 + 15*t**2 - t + 8. Determine c(-5).
13
Let v(h) = -h**3 - 3*h**2 + 15*h - 12. Calculate v(-6).
6
Let w(z) = -z**2 + 5*z - 1. What is w(5)?
-1
Let c(x) = 3*x**3 + 16*x**2 + 3*x - 10. Calculate c(-5).
0
Let m(k) = -k**3 - 16*k**2 + 35*k - 11. Determine m(-18).
7
Let f(g) = g**2 + 9*g + 11. Determine f(-9).
11
Let m(t) = -3*t - 3. Give m(1).
-6
Let n(y) = y - 1. Give n(9).
8
Let a(j) = -j**2 + 12*j - 18. Calculate a(14).
-46
Let o(z) = 19*z - 91. Give o(6).
23
Let r(u) = -12*u**2 - u + 1. Calculate r(1).
-12
Let o(k) = -k**2 - 5. Calculate o(-2).
-9
Let v(s) = -s**3 - 6*s**2 + 3*s - 3. What is v(-7)?
25
Let y(t) = -7*t - 55. Give y(-4).
-27
Let b(t) = -3*t + 15. Give b(4).
3
Let d(x) = x**3 - 3*x**2 + 3. Determine d(0).
3
Let j(k) = -17*k + 72. Determine j(4).
4
Let f(c) = -c**3 + 3*c**2 + 2*c. Determine f(3).
6
Let s(f) = -2*f**2 + 2*f + 7. Give s(5).
-33
Let y(b) = 2*b**2 + 21*b + 20. Calculate y(-9).
-7
Let h(v) = 13*v - 34. Determine h(4).
18
Let v(h) = -6*h**2 + 3*h - 2. What is v(1)?
-5
Let z(i) = -12*i + 373. What is z(30)?
13
Let z(t) = -45*t**3 + 3*t**2 + 2*t. Give z(-1).
46
Let j(r) = -r - 4. Calculate j(-7).
3
Let z(s) = s**3 + 8*s**2 - 7*s - 11. Determine z(-8).
45
Let f(b) = -b**3 + 2*b**2 - b - 2. Calculate f(3).
-14
Let g(w) = w**2 + 17*w - 2. Determine g(-17).
-2
Let f(s) = s - 14. What is f(-8)?
-22
Let q(v) = v**3 + 4*v**2 + 4*v - 1. What is q(-4)?
-17
Let v(c) = 54*c + 3. Calculate v(-2).
-105
Let f(u) = -u**2 + 10*u - 14. Determine f(4).
10
Let q(u) = -4*u + 68. What is q(16)?
4
Let z(l) = 6*l + 4. What is z(-1)?
-2
Let t(x) = 4*x + 100. Calculate t(-23).
8
Let x(l) = 27*l + 171. Calculate x(-6).
9
Let a(y) = y**2 - 61*y - 399. What is a(-6)?
3
Let g(b) = b**3 - 22*b**2 - 47*b - 50. Give g(24).
-26
Let q(l) = 2*l**2 + 13*l - 15. What is q(-8)?
9
Let q(f) = -8*f + 30. Calculate q(4).
-2
Let z(r) = r**2 + 88*r + 476. Determine z(-6).
-16
Let l(c) = -c + 39. Give l(9).
30
Let u(s) = 2*s + 4. Calculate u(10).
24
Let w(d) = 75*d + 552. What is w(-7)?
27
Let d(c) = -c**2 - 15*c - 15. Determine d(-4).
29
Let g(n) = -n**3 + 2*n**2 + n - 3. Calculate g(-3).
39
Let f(m) = 5*m. What is f(-1)?
-5
Let y(l) = -5*l + 3. What is y(8)?
-37
Let y(q) = -q**3 - 3*q**2. Calculate y(-3).
0
Let l(x) = -x**3 - 4*x**2 - x - 3. Determine l(-3).
-9
Let j(b) = -2*b**2 + 19*b + 51. Determine j(12).
-9
Let h(d) = -2*d**2 - 28*d + 27. Determine h(-15).
-3
Let t(k) = -k**2 - 8*k - 2. What is t(-10)?
-22
Let i(o) = -43*o + 2. Determine i(1).
-41
Let s(c) = 4*c**3 + 3*c**2 + 5*c + 3. Give s(-1).
-3
Let k(u) = -13*u**2 - u. Determine k(1).
-14
Let c(p) = -7*p**3 + 3*p - 2. Determine c(1).
-6
Let l(a) = -a**2 + 7*a - 5. Determine l(5).
5
Let f(r) = -3*r + 8. What is f(-3)?
17
Let z(f) = f**3 - 2*f**2 - 2*f + 3. Determine z(0).
3
Let f(i) = -i**3 + 7*i**2 - 10*i - 3. Determine f(5).
-3
Let c(n) = -n + 3. Give c(4).
-1
Let y(t) = 7*t - 15. What is y(7)?
34
Let u(a) = -3*a - 3. Give u(-10).
27
Let h(d) = -d - 26. Calculate h(-5).
-21
Let z(t) = -35*t + 4. Give z(1).
-31
Let f(s) = -s**2 - 10*s - 15. Give f(-5).
10
Let y(t) = 2*t**2 + t + 57. Calculate y(0).
57
Let x(z) = 4*z - 18. Calculate x(6).
6
Let g(j) = 6*j - 21. Calculate g(6).
15
Let q(s) = 2*s**2 + 12*s - 1. Determine q(-7).
13
Let p(m) = 3*m**2 - 11*m - 2. Give p(4).
2
Let j(y) = 9*y**3 + y - 1. What is j(1)?
9
Let l(c) = 2*c - 4. What is l(-2)?
-8
Let u(x) = x**3 + 50*x**2 - 277*x - 115. Give u(-55).
-5
Let g(m) = -m**3 - 3*m**2 - 4*m + 38. Calculate g(0).
38
Let h(s) = s**3 - 2*s. Determine h(2).
4
Let q(c) = -3*c**2 - 2*c - 3. What is q(2)?
-19
Let u(f) = -6*f**2 + 2*f - 3. Calculate u(1).
-7
Let y(m) = m**3 - 2*m**2 - 10*m + 9. What is y(4)?
1
Let s(m) = 3*m**2 + 31*m + 9. What is s(-9)?
-27
Let u(o) = -o**3 + 38*o**2 + 42*o - 118. Determine u(39).
-1
Let t(n) = -12*n - 39. Determine t(-6).
33
Let c(z) = z**3 - 11*z**2 - 2*z - 12. Determine c(11).
-34
Let v(c) = -3*c**3 - 12*c**2 + 9*c + 33. What is v(-4)?
-3
Let w(l) = -2*l + 15. What is w(18)?
-21
Let x(c) = 5*c - 14. Give x(-10).
-64
Let q(r) = -3*r + 11. Determine q(-11).
44
Let k(g) = 4*g**2 + 2*g + 4. What is k(-4)?
60
Let v(o) = -o + 18. What is v(10)?
8
Let i(b) = 6*b**3 - 2*b**2 - 3*b - 2. Calculate i(-1).
-7
Let h(u) = -6*u - 1. Give h(1).
-7
Let r(h) = 34*h - 347. Determine r(10).
-7
Let t(g) = -3*g**2 - 26*g + 2. What is t(-9)?
-7
Let x(h) = -5*h - 36. Calculate x(-11).
19
Let c(v) = 5*v**2 - 67*v + 70. What is c(12)?
-14
Let a(w) = -15*w + 7. What is a(2)?
-23
Let r(l) = 6*l**3 - 5*l**2 - 5*l - 2. Give r(-1).
-8
Let d(n) = -12*n**2 + 3*n + 8. Determine d(-3).
-109
Let x(w) = -w**3 - 5*w**2 + 48*w + 5. Determine x(5).
-5
Let x(o) = o**2 + 15*o + 33. Give x(-13).
7
Let z(i) = -i**3 + i**2 + 2*i + 3. Determine z(3).
-9
Let r(m) = -13*m**2 + 5*m + 4. Determine r(2).
-38
Let b(l) = -4*l + 11. Give b(2).
3
Let o(n) = 4*n + 115. Calculate o(0).
115
Let y(p) = -p**2 + 10*p - 20. What is y(4)?
4
Let a(n) = 2*n**3 + 5*n**2 - 4*n - 1. What is a(-4)?
-33
Let q(j) = -2*j**3 - 21*j**2 + 16*j + 32. What is q(-11)?
-23
Let y(j) = -19*j + 65. Calculate y(3).
8
Let l(f) = f**3 - 3*f**2 - 2*f. What is l(-2)?
-16
Let n(r) = -3*r**2 - 75*r + 27. Calculate n(-25).
27
Let t(k) = -k**3 - 12*k**2 - 9*k + 23. What is t(-11)?
1
Let a(u) = -7*u + 25. What is a(3)?
4
Let y(z) = -z**3 + 4*z**2 - 1. Calculate y(5).
-26
Let w(c) = -27*c + 1. Calculate w(-2).
55
Let c(r) = -5*r**3 - r**2 + r. Calcul